{"id":634,"date":"2020-03-24T14:09:54","date_gmt":"2020-03-24T17:09:54","guid":{"rendered":"https:\/\/www.agencia7.com\/maquina-de-vendas\/?page_id=634"},"modified":"2023-08-01T10:23:19","modified_gmt":"2023-08-01T13:23:19","slug":"leadlovers-preco","status":"publish","type":"page","link":"https:\/\/www.agencia7.com\/maquina-de-vendas\/leadlovers-preco\/","title":{"rendered":"Leadlovers Pre\u00e7o"},"content":{"rendered":"<p>Agora que voc\u00ea j\u00e1 conhece um pouco sobre uma das melhores ferramentas de automa\u00e7\u00e3o de marketing digital do Brasil, veja o <strong>Leadlovers pre\u00e7o<\/strong>.<\/p>\n<p>&nbsp;<\/p>\n<h2 style=\"text-align: center;\">Escolha seu plano &#8211; Leadlovers Pre\u00e7o<\/h2>\n<p>&nbsp;<\/p>\n<table style=\"width: 47.52%; text-align: center; height: 316px;\" border=\"1\" align=\"center\">\n<tbody>\n<tr>\n<td style=\"width: 396px;\"><strong><span style=\"font-size: 18pt;\">ANUAL<\/span><\/strong><\/p>\n<p style=\"text-align: center;\"><span style=\"color: #27b1f1;\"><strong>mais econ\u00f4mico<\/strong><\/span><\/p>\n<p><span style=\"color: #ff0000;\">De 197,00 por<\/span><\/td>\n<\/tr>\n<tr style=\"height: 120px;\">\n<td style=\"width: 396px; height: 120px;\"><span style=\"font-size: 24pt; color: #27b1f1;\">R$ 157,00<\/span><\/p>\n<p>Por m\u00eas\/Pagos Anualmente<\/td>\n<\/tr>\n<tr style=\"height: 24px;\">\n<td style=\"width: 396px; height: 24px;\"><a class=\"maxbutton-8 maxbutton maxbutton-experimente-agora-20-02\" title=\"Experimente agora!\" href=\"https:\/\/www.agencia7.com\/conversoes\/planos-leadlovers.php\"><span class='mb-text'>Experimente agora!<\/span><\/a><\/td>\n<\/tr>\n<tr style=\"height: 24px;\">\n<td style=\"width: 396px; height: 24px;\">*Garantia de 7 dias<\/td>\n<\/tr>\n<\/tbody>\n<\/table>\n<hr \/>\n<p>&nbsp;<\/p>\n<table style=\"width: 47.52%; text-align: center; height: 316px;\" border=\"1\" align=\"center\">\n<tbody>\n<tr>\n<td style=\"width: 396px;\"><strong><span style=\"font-size: 18pt;\">MENSAL<\/span><\/strong><\/td>\n<\/tr>\n<tr style=\"height: 120px;\">\n<td style=\"width: 396px; height: 120px;\"><span style=\"font-size: 24pt; color: #27b1f1;\">R$ 197,00<\/span><\/p>\n<p>Por m\u00eas\/Pagos Mensalmente<\/td>\n<\/tr>\n<tr style=\"height: 24px;\">\n<td style=\"width: 396px; height: 24px;\"><a class=\"maxbutton-10 maxbutton maxbutton-experimente-agora-24-03\" title=\"Experimente agora!\" href=\"https:\/\/www.agencia7.com\/conversoes\/planos-leadlovers.php\"><span class='mb-text'>Experimente agora!<\/span><\/a><\/td>\n<\/tr>\n<tr style=\"height: 24px;\">\n<td style=\"width: 396px; height: 24px;\">*Garantia de 7 dias<\/td>\n<\/tr>\n<\/tbody>\n<\/table>\n<hr \/>\n<h2>Forma de Pagamento<\/h2>\n<p>&nbsp;<\/p>\n<ul>\n<li>Cart\u00e3o de cr\u00e9dito.<\/li>\n<li>Paypal.<\/li>\n<li>Boleto.<\/li>\n<li>Pix.<\/li>\n<\/ul>\n<p><span style=\"font-size: 10pt;\">*2.49 de juros ao m\u00eas em parcelamento do hotmart<\/span><\/p>\n<hr \/>\n<h2>Incluso em todos os planos<\/h2>\n<p>Veja todas as funcionalidades que estar\u00e1 incluso na sua assinatura leadlovers.<\/p>\n<h3>Automa\u00e7\u00e3o de Marketing Digital<\/h3>\n<ul>\n<li>At\u00e9 5.000 leads (*para mais leads consulte nosso Chat de Vendas);<\/li>\n<li>Construtor de P\u00e1ginas;<\/li>\n<li>Modelos prontos de p\u00e1ginas;<\/li>\n<li>Envio de e-mails ilimitados;<\/li>\n<li>Lead Tracking (Pixel do leadlovers);<\/li>\n<li><a title=\"M\u00e1quina de Instagram Leadlovers\" href=\"https:\/\/www.agencia7.com\/maquina-de-vendas\/maquina-instagram-leadlovers\/\" rel=\"\">Automa\u00e7\u00e3o de direct do Instagram<\/a>;<\/li>\n<li>Automa\u00e7\u00e3o de Telegram;<\/li>\n<li>Movimenta\u00e7\u00e3o de contatos entre canais;<\/li>\n<li>Automa\u00e7\u00e3o de SMS*;<\/li>\n<li>Automa\u00e7\u00e3o de chamada de voz*.<\/li>\n<\/ul>\n<p><span style=\"font-size: 8pt;\">* Cr\u00e9ditos precisam ser adquiridos separadamente.<\/span><\/p>\n<p>&nbsp;<\/p>\n<h3>Captura e Gera\u00e7\u00e3o de Leads<\/h3>\n<ul>\n<li>Construtor de p\u00e1gina &#8220;arrasta e solta&#8221;;<\/li>\n<li>M\u00e1quinas pr\u00e9 configuradas (m\u00e1quina p\u00fablicas);<\/li>\n<li>\u00c1rea de Membros;<\/li>\n<li>Integra\u00e7\u00e3o com Facebook Lead Ads;<\/li>\n<li>Formul\u00e1rios;<\/li>\n<li>Construtor de Chatbot;<\/li>\n<li>Personaliza\u00e7\u00e3o de pop-ups para p\u00e1ginas;<\/li>\n<li>Cria\u00e7\u00e3o de bot\u00e3o para WhatsApp.<\/li>\n<\/ul>\n<p>&nbsp;<\/p>\n<h3>An\u00e1lises<\/h3>\n<ul>\n<li>Taxa de abertura, clique e envio;<\/li>\n<li>Lead Scoring;<\/li>\n<li>Segmenta\u00e7\u00e3o e classifica\u00e7\u00e3o de leads com tags;<\/li>\n<li>Teste A\/B de e-mail;<\/li>\n<li>Relat\u00f3rios de m\u00e9tricas;<\/li>\n<li>Assistente anti-spam;<\/li>\n<li>Relat\u00f3rios de convers\u00e3o por provedor, hor\u00e1rio de engajamento, etc.<\/li>\n<\/ul>\n<p>&nbsp;<\/p>\n<h3>E mais&#8230;<\/h3>\n<ul>\n<li>Apontamento de dom\u00ednios ilimitados;<\/li>\n<li>Encurtador de URL com configura\u00e7\u00f5es de SEO e redirecionamento por clique; localiza\u00e7\u00e3o; data e hora;<\/li>\n<li>Contador de Escassez;<\/li>\n<li>Teste de Entregabilidade (5 testes gratuitos);<\/li>\n<li>Gatilho Condicional;<\/li>\n<li>Multi usu\u00e1rios;<\/li>\n<li>Suporte via chat;<\/li>\n<li>CRM para equipes comerciais;<\/li>\n<li>Plataforma de EAD (Ensino \u00e0 dist\u00e2ncia);<\/li>\n<li>Integra\u00e7\u00f5es com plataformas de venda;<\/li>\n<li>Importa\u00e7\u00e3o e exporta\u00e7\u00e3o de leads;<\/li>\n<li>Biblioteca com campanhas prontas personaliz\u00e1veis.<\/li>\n<\/ul>\n<hr \/>\n<h2>Tire suas d\u00favidas<\/h2>\n<p>&nbsp;<\/p>\n<h3>Como fa\u00e7o para assinar?<\/h3>\n<p>\u00c9 maravilhoso que voc\u00ea tenha decidido investir em uma m\u00e1quina de vendas autom\u00e1ticas. Estamos sempre tentando melhorar nosso servi\u00e7o para podermos atender melhor voc\u00ea e sua empresa. Com mais vendas, velocidade, seguran\u00e7a e escala, temos certeza de que voc\u00ea ficar\u00e1 feliz por escolher a gente. Aproveite nossa condi\u00e7\u00e3o especial e assine atrav\u00e9s deste link <a title=\"Leadlovers pre\u00e7o\" href=\"https:\/\/www.agencia7.com\/conversoes\/planos-leadlovers.php?src=leadlovers-preco\" rel=\"\">aqui<\/a> para ver os &#8220;Leadlovers pre\u00e7o&#8221;.<\/p>\n<p>&nbsp;<\/p>\n<h3>O que s\u00e3o M\u00e1quinas de Vendas?<\/h3>\n<p>\u00c9 a estrutura que engloba todos os recursos necess\u00e1rios (sequ\u00eancia de e-mails, cria\u00e7\u00e3o de p\u00e1ginas, broadcast, leads) para voc\u00ea criar a sua automa\u00e7\u00e3o de marketing digital. E, al\u00e9m da m\u00e1quina de vendas com sequ\u00eancia de e-mails, tamb\u00e9m existem m\u00e1quinas com sequ\u00eancia de SMS. Clique <a title=\"Demonstra\u00e7\u00e3o Lead Lovers\" href=\"https:\/\/www.agencia7.com\/maquina-de-vendas\/demonstracao-lead-lovers\/\" rel=\"\">aqui<\/a> para acessar uma demonstra\u00e7\u00e3o completa da ferramenta.<\/p>\n<p>&nbsp;<\/p>\n<h3>O que s\u00e3o os modelos prontos de maquinas de vendas?<\/h3>\n<p>S\u00e3o m\u00e1quinas prontas de segmentos espec\u00edficos, ou seja, elas j\u00e1 v\u00eam com uma sequ\u00eancia de e-mails e p\u00e1ginas criadas, basta voc\u00ea clicar em &#8220;Usar&#8221; para copiar uma m\u00e1quina pronta para a sua conta. Voc\u00ea pode editar tanto os conte\u00fados da sequ\u00eancia de e-mails quanto as p\u00e1ginas e dar aquele toque s\u00f3 seu na m\u00e1quina.<\/p>\n<p>&nbsp;<\/p>\n<h3>Possuem integra\u00e7\u00e3o com outras ferramentas\/plataformas?<\/h3>\n<p>Mas \u00e9 claro! As nossas integra\u00e7\u00f5es s\u00e3o feitas atrav\u00e9s do Zapier ou Pluga e tamb\u00e9m disponibilizamos API aberta para quem tem conhecimento t\u00e9cnico e precisa de uma integra\u00e7\u00e3o diferenciada. Para conhecer todas as nossas integra\u00e7\u00f5es, \u00e9 s\u00f3 clicar aqui neste <a title=\"Integra\u00e7\u00f5es leadlovers\" href=\"https:\/\/llovers.com.br\/integracoes\" rel=\"\">link<\/a>.<\/p>\n<p>&nbsp;<\/p>\n<h3>Quantos dom\u00ednios pode trabalhar numa \u00fanica conta?<\/h3>\n<p>Est\u00e1 preparado(a)? O n\u00famero de dom\u00ednios pr\u00f3prio que voc\u00ea pode usar dentro do leadlovers \u00e9 ilimitado basta criar uma m\u00e1quina de vendas para cada um.<\/p>\n<p>&nbsp;<\/p>\n<h3>Quantos leads posso ter nos planos iniciais?<\/h3>\n<p>N\u00e3o importa o plano (mensal ou anual), para o <em>Leadlovers pre\u00e7o<\/em> a base inicial ser\u00e1 de at\u00e9 5 mil leads e sempre h\u00e1 a possibilidade de fazer um upgrade na sua conta a qualquer momento.<\/p>\n<p>&nbsp;<\/p>\n<h3>Como \u00e9 o seu suporte?<\/h3>\n<p>O nosso suporte fant\u00e1stico est\u00e1 dispon\u00edvel de segunda-feira a sexta-feira, para responder d\u00favidas t\u00e9cnicas sobre a plataforma. O atendimento \u00e9 via chat online e pelo e-mail (ticket) suporte@amoleads.com.<\/p>\n<p>&nbsp;<\/p>\n<h3>Voc\u00eas possuem teste gratuito?<\/h3>\n<p>N\u00e3o, mas sem p\u00e2nico, com o leadlovers pre\u00e7o voc\u00ea encontra uma garantia de 7 dias.<\/p>\n<p>&nbsp;<\/p>\n<h3>O que \u00e9 a Garantia?<\/h3>\n<p>Ao assinar a plataforma, voc\u00ea tem at\u00e9 7 dias para usar e se durante esse per\u00edodo voc\u00ea achar: &#8220;Isso n\u00e3o \u00e9 para mim!&#8221;, basta cancelar a assinatura que devolvemos o seu dinheiro, sem enrola\u00e7\u00e3o. Clique <a title=\"Pol\u00ed\u00adtica de Reembolso\" href=\"https:\/\/www.agencia7.com\/maquina-de-vendas\/politica-de-reembolso\/\" target=\"_blank\" rel=\"noopener noreferrer\">aqui<\/a> e veja como funciona a Pol\u00edtica de Reembolso.<\/p>\n<p>&nbsp;<\/p>\n<h3>Possui fidelidade?<\/h3>\n<p>N\u00e3o, voc\u00ea pode cancelar a assinatura a qualquer momento. N\u00f3s apenas possu\u00edmos fidelidade com o sucesso do seu neg\u00f3cio.<\/p>\n<hr \/>\n<h2 style=\"text-align: center;\">Pronto para come\u00e7ar?<\/h2>\n<p>&nbsp;<\/p>\n<p style=\"text-align: center;\"><a class=\"maxbutton-8 maxbutton maxbutton-experimente-agora-20-02\" title=\"Experimente agora!\" href=\"https:\/\/www.agencia7.com\/conversoes\/planos-leadlovers.php\"><span class='mb-text'>Experimente agora!<\/span><\/a><\/p>\n<p><img loading=\"lazy\" decoding=\"async\" class=\"aligncenter wp-image-650 size-full\" title=\"Leadlovers Pre\u00e7o\" src=\"https:\/\/www.agencia7.com\/maquina-de-vendas\/wp-content\/uploads\/2020\/03\/capa-facebook-leadlovers-planos.jpg\" alt=\"Leadlovers Pre\u00e7o\" width=\"1200\" height=\"628\" srcset=\"https:\/\/www.agencia7.com\/maquina-de-vendas\/wp-content\/uploads\/2020\/03\/capa-facebook-leadlovers-planos.jpg 1200w, https:\/\/www.agencia7.com\/maquina-de-vendas\/wp-content\/uploads\/2020\/03\/capa-facebook-leadlovers-planos-300x157.jpg 300w, https:\/\/www.agencia7.com\/maquina-de-vendas\/wp-content\/uploads\/2020\/03\/capa-facebook-leadlovers-planos-1024x536.jpg 1024w, https:\/\/www.agencia7.com\/maquina-de-vendas\/wp-content\/uploads\/2020\/03\/capa-facebook-leadlovers-planos-768x402.jpg 768w, https:\/\/www.agencia7.com\/maquina-de-vendas\/wp-content\/uploads\/2020\/03\/capa-facebook-leadlovers-planos-320x167.jpg 320w, https:\/\/www.agencia7.com\/maquina-de-vendas\/wp-content\/uploads\/2020\/03\/capa-facebook-leadlovers-planos-640x335.jpg 640w, https:\/\/www.agencia7.com\/maquina-de-vendas\/wp-content\/uploads\/2020\/03\/capa-facebook-leadlovers-planos-360x188.jpg 360w, https:\/\/www.agencia7.com\/maquina-de-vendas\/wp-content\/uploads\/2020\/03\/capa-facebook-leadlovers-planos-720x377.jpg 720w, https:\/\/www.agencia7.com\/maquina-de-vendas\/wp-content\/uploads\/2020\/03\/capa-facebook-leadlovers-planos-1080x565.jpg 1080w, https:\/\/www.agencia7.com\/maquina-de-vendas\/wp-content\/uploads\/2020\/03\/capa-facebook-leadlovers-planos-800x419.jpg 800w\" sizes=\"auto, (max-width: 1200px) 100vw, 1200px\" \/><\/p>\n<p><noscript><iframe loading=\"lazy\" src=\"https:\/\/go.hotmart.com\/D2413949J?src=blog\" height=\"0\" width=\"0\" style=\"display:none;visibility:hidden\"><\/iframe><\/noscript><\/p>\n","protected":false},"excerpt":{"rendered":"<p>Agora que voc\u00ea j\u00e1 conhece um pouco sobre uma das melhores ferramentas de automa\u00e7\u00e3o de marketing digital do Brasil, veja o Leadlovers pre\u00e7o. &nbsp; Escolha seu plano &#8211; Leadlovers Pre\u00e7o &nbsp; ANUAL mais econ\u00f4mico De 197,00 por R$ 157,00 Por m\u00eas\/Pagos Anualmente *Garantia de 7 dias &nbsp; MENSAL R$ 197,00 Por m\u00eas\/Pagos Mensalmente *Garantia de [&hellip;]<\/p>\n","protected":false},"author":1,"featured_media":0,"parent":0,"menu_order":0,"comment_status":"closed","ping_status":"closed","template":"","meta":{"site-sidebar-layout":"default","site-content-layout":"default","ast-site-content-layout":"default","site-content-style":"default","site-sidebar-style":"default","ast-global-header-display":"","ast-banner-title-visibility":"","ast-main-header-display":"","ast-hfb-above-header-display":"","ast-hfb-below-header-display":"","ast-hfb-mobile-header-display":"","site-post-title":"","ast-breadcrumbs-content":"","ast-featured-img":"","footer-sml-layout":"","ast-disable-related-posts":"","theme-transparent-header-meta":"default","adv-header-id-meta":"","stick-header-meta":"","header-above-stick-meta":"","header-main-stick-meta":"","header-below-stick-meta":"","astra-migrate-meta-layouts":"default","ast-page-background-enabled":"default","ast-page-background-meta":{"desktop":{"background-color":"var(--ast-global-color-4)","background-image":"","background-repeat":"repeat","background-position":"center center","background-size":"auto","background-attachment":"scroll","background-type":"","background-media":"","overlay-type":"","overlay-color":"","overlay-opacity":"","overlay-gradient":""},"tablet":{"background-color":"","background-image":"","background-repeat":"repeat","background-position":"center center","background-size":"auto","background-attachment":"scroll","background-type":"","background-media":"","overlay-type":"","overlay-color":"","overlay-opacity":"","overlay-gradient":""},"mobile":{"background-color":"","background-image":"","background-repeat":"repeat","background-position":"center center","background-size":"auto","background-attachment":"scroll","background-type":"","background-media":"","overlay-type":"","overlay-color":"","overlay-opacity":"","overlay-gradient":""}},"ast-content-background-meta":{"desktop":{"background-color":"var(--ast-global-color-5)","background-image":"","background-repeat":"repeat","background-position":"center center","background-size":"auto","background-attachment":"scroll","background-type":"","background-media":"","overlay-type":"","overlay-color":"","overlay-opacity":"","overlay-gradient":""},"tablet":{"background-color":"var(--ast-global-color-5)","background-image":"","background-repeat":"repeat","background-position":"center center","background-size":"auto","background-attachment":"scroll","background-type":"","background-media":"","overlay-type":"","overlay-color":"","overlay-opacity":"","overlay-gradient":""},"mobile":{"background-color":"var(--ast-global-color-5)","background-image":"","background-repeat":"repeat","background-position":"center center","background-size":"auto","background-attachment":"scroll","background-type":"","background-media":"","overlay-type":"","overlay-color":"","overlay-opacity":"","overlay-gradient":""}},"footnotes":""},"class_list":["post-634","page","type-page","status-publish","hentry"],"yoast_head":"<!-- This site is optimized with the Yoast SEO plugin v27.0 - https:\/\/yoast.com\/product\/yoast-seo-wordpress\/ -->\n<title>Leadlovers Pre\u00e7o | Leadlovers M\u00e1quina de Leads<\/title>\n<meta name=\"description\" content=\"Assinando leadlovers pre\u00e7o voc\u00ea tem acesso a: at\u00e9 5.000 leads, construtor de p\u00e1ginas, envio de emails ilimitados, plataforma de EAD.\" \/>\n<meta name=\"robots\" content=\"index, follow, max-snippet:-1, max-image-preview:large, max-video-preview:-1\" \/>\n<link rel=\"canonical\" href=\"https:\/\/www.agencia7.com\/maquina-de-vendas\/leadlovers-preco\/\" \/>\n<meta property=\"og:locale\" content=\"pt_BR\" \/>\n<meta property=\"og:type\" content=\"article\" \/>\n<meta property=\"og:title\" content=\"Leadlovers Pre\u00e7o\" \/>\n<meta property=\"og:description\" content=\"Assinando leadlovers pre\u00e7o voc\u00ea tem acesso a: at\u00e9 5.000 leads, construtor de p\u00e1ginas, envio de emails ilimitados, plataforma de EAD.\" \/>\n<meta property=\"og:url\" content=\"https:\/\/www.agencia7.com\/maquina-de-vendas\/leadlovers-preco\/\" \/>\n<meta property=\"og:site_name\" content=\"Leadlovers M\u00e1quina de Leads\" \/>\n<meta property=\"article:modified_time\" content=\"2023-08-01T13:23:19+00:00\" \/>\n<meta property=\"og:image\" content=\"https:\/\/www.agencia7.com\/maquina-de-vendas\/wp-content\/uploads\/2020\/03\/capa-facebook-leadlovers-planos.jpg\" \/>\n\t<meta property=\"og:image:width\" content=\"1200\" \/>\n\t<meta property=\"og:image:height\" content=\"628\" \/>\n\t<meta property=\"og:image:type\" content=\"image\/jpeg\" \/>\n<meta name=\"twitter:label1\" content=\"Est. tempo de leitura\" \/>\n\t<meta name=\"twitter:data1\" content=\"5 minutos\" \/>\n<script type=\"application\/ld+json\" class=\"yoast-schema-graph\">{\"@context\":\"https:\/\/schema.org\",\"@graph\":[{\"@type\":\"WebPage\",\"@id\":\"https:\/\/www.agencia7.com\/maquina-de-vendas\/leadlovers-preco\/\",\"url\":\"https:\/\/www.agencia7.com\/maquina-de-vendas\/leadlovers-preco\/\",\"name\":\"Leadlovers Pre\u00e7o | Leadlovers M\u00e1quina de Leads\",\"isPartOf\":{\"@id\":\"https:\/\/www.agencia7.com\/maquina-de-vendas\/#website\"},\"primaryImageOfPage\":{\"@id\":\"https:\/\/www.agencia7.com\/maquina-de-vendas\/leadlovers-preco\/#primaryimage\"},\"image\":{\"@id\":\"https:\/\/www.agencia7.com\/maquina-de-vendas\/leadlovers-preco\/#primaryimage\"},\"thumbnailUrl\":\"https:\/\/www.agencia7.com\/maquina-de-vendas\/wp-content\/uploads\/2020\/03\/capa-facebook-leadlovers-planos.jpg\",\"datePublished\":\"2020-03-24T17:09:54+00:00\",\"dateModified\":\"2023-08-01T13:23:19+00:00\",\"description\":\"Assinando leadlovers pre\u00e7o voc\u00ea tem acesso a: at\u00e9 5.000 leads, construtor de p\u00e1ginas, envio de emails ilimitados, plataforma de EAD.\",\"breadcrumb\":{\"@id\":\"https:\/\/www.agencia7.com\/maquina-de-vendas\/leadlovers-preco\/#breadcrumb\"},\"inLanguage\":\"pt-BR\",\"potentialAction\":[{\"@type\":\"ReadAction\",\"target\":[\"https:\/\/www.agencia7.com\/maquina-de-vendas\/leadlovers-preco\/\"]}]},{\"@type\":\"ImageObject\",\"inLanguage\":\"pt-BR\",\"@id\":\"https:\/\/www.agencia7.com\/maquina-de-vendas\/leadlovers-preco\/#primaryimage\",\"url\":\"https:\/\/www.agencia7.com\/maquina-de-vendas\/wp-content\/uploads\/2020\/03\/capa-facebook-leadlovers-planos.jpg\",\"contentUrl\":\"https:\/\/www.agencia7.com\/maquina-de-vendas\/wp-content\/uploads\/2020\/03\/capa-facebook-leadlovers-planos.jpg\",\"width\":1200,\"height\":628},{\"@type\":\"BreadcrumbList\",\"@id\":\"https:\/\/www.agencia7.com\/maquina-de-vendas\/leadlovers-preco\/#breadcrumb\",\"itemListElement\":[{\"@type\":\"ListItem\",\"position\":1,\"name\":\"In\u00edcio\",\"item\":\"https:\/\/www.agencia7.com\/maquina-de-vendas\/\"},{\"@type\":\"ListItem\",\"position\":2,\"name\":\"Leadlovers Pre\u00e7o\"}]},{\"@type\":\"WebSite\",\"@id\":\"https:\/\/www.agencia7.com\/maquina-de-vendas\/#website\",\"url\":\"https:\/\/www.agencia7.com\/maquina-de-vendas\/\",\"name\":\"Leadlovers M\u00e1quina de Leads\",\"description\":\"Use o leadlovers m\u00e1quina de leads na sua estrat\u00e9gia de vendas\",\"potentialAction\":[{\"@type\":\"SearchAction\",\"target\":{\"@type\":\"EntryPoint\",\"urlTemplate\":\"https:\/\/www.agencia7.com\/maquina-de-vendas\/?s={search_term_string}\"},\"query-input\":{\"@type\":\"PropertyValueSpecification\",\"valueRequired\":true,\"valueName\":\"search_term_string\"}}],\"inLanguage\":\"pt-BR\"}]}<\/script>\n<!-- \/ Yoast SEO plugin. -->","yoast_head_json":{"title":"Leadlovers Pre\u00e7o | Leadlovers M\u00e1quina de Leads","description":"Assinando leadlovers pre\u00e7o voc\u00ea tem acesso a: at\u00e9 5.000 leads, construtor de p\u00e1ginas, envio de emails ilimitados, plataforma de EAD.","robots":{"index":"index","follow":"follow","max-snippet":"max-snippet:-1","max-image-preview":"max-image-preview:large","max-video-preview":"max-video-preview:-1"},"canonical":"https:\/\/www.agencia7.com\/maquina-de-vendas\/leadlovers-preco\/","og_locale":"pt_BR","og_type":"article","og_title":"Leadlovers Pre\u00e7o","og_description":"Assinando leadlovers pre\u00e7o voc\u00ea tem acesso a: at\u00e9 5.000 leads, construtor de p\u00e1ginas, envio de emails ilimitados, plataforma de EAD.","og_url":"https:\/\/www.agencia7.com\/maquina-de-vendas\/leadlovers-preco\/","og_site_name":"Leadlovers M\u00e1quina de Leads","article_modified_time":"2023-08-01T13:23:19+00:00","og_image":[{"width":1200,"height":628,"url":"https:\/\/www.agencia7.com\/maquina-de-vendas\/wp-content\/uploads\/2020\/03\/capa-facebook-leadlovers-planos.jpg","type":"image\/jpeg"}],"twitter_misc":{"Est. tempo de leitura":"5 minutos"},"schema":{"@context":"https:\/\/schema.org","@graph":[{"@type":"WebPage","@id":"https:\/\/www.agencia7.com\/maquina-de-vendas\/leadlovers-preco\/","url":"https:\/\/www.agencia7.com\/maquina-de-vendas\/leadlovers-preco\/","name":"Leadlovers Pre\u00e7o | Leadlovers M\u00e1quina de Leads","isPartOf":{"@id":"https:\/\/www.agencia7.com\/maquina-de-vendas\/#website"},"primaryImageOfPage":{"@id":"https:\/\/www.agencia7.com\/maquina-de-vendas\/leadlovers-preco\/#primaryimage"},"image":{"@id":"https:\/\/www.agencia7.com\/maquina-de-vendas\/leadlovers-preco\/#primaryimage"},"thumbnailUrl":"https:\/\/www.agencia7.com\/maquina-de-vendas\/wp-content\/uploads\/2020\/03\/capa-facebook-leadlovers-planos.jpg","datePublished":"2020-03-24T17:09:54+00:00","dateModified":"2023-08-01T13:23:19+00:00","description":"Assinando leadlovers pre\u00e7o voc\u00ea tem acesso a: at\u00e9 5.000 leads, construtor de p\u00e1ginas, envio de emails ilimitados, plataforma de EAD.","breadcrumb":{"@id":"https:\/\/www.agencia7.com\/maquina-de-vendas\/leadlovers-preco\/#breadcrumb"},"inLanguage":"pt-BR","potentialAction":[{"@type":"ReadAction","target":["https:\/\/www.agencia7.com\/maquina-de-vendas\/leadlovers-preco\/"]}]},{"@type":"ImageObject","inLanguage":"pt-BR","@id":"https:\/\/www.agencia7.com\/maquina-de-vendas\/leadlovers-preco\/#primaryimage","url":"https:\/\/www.agencia7.com\/maquina-de-vendas\/wp-content\/uploads\/2020\/03\/capa-facebook-leadlovers-planos.jpg","contentUrl":"https:\/\/www.agencia7.com\/maquina-de-vendas\/wp-content\/uploads\/2020\/03\/capa-facebook-leadlovers-planos.jpg","width":1200,"height":628},{"@type":"BreadcrumbList","@id":"https:\/\/www.agencia7.com\/maquina-de-vendas\/leadlovers-preco\/#breadcrumb","itemListElement":[{"@type":"ListItem","position":1,"name":"In\u00edcio","item":"https:\/\/www.agencia7.com\/maquina-de-vendas\/"},{"@type":"ListItem","position":2,"name":"Leadlovers Pre\u00e7o"}]},{"@type":"WebSite","@id":"https:\/\/www.agencia7.com\/maquina-de-vendas\/#website","url":"https:\/\/www.agencia7.com\/maquina-de-vendas\/","name":"Leadlovers M\u00e1quina de Leads","description":"Use o leadlovers m\u00e1quina de leads na sua estrat\u00e9gia de vendas","potentialAction":[{"@type":"SearchAction","target":{"@type":"EntryPoint","urlTemplate":"https:\/\/www.agencia7.com\/maquina-de-vendas\/?s={search_term_string}"},"query-input":{"@type":"PropertyValueSpecification","valueRequired":true,"valueName":"search_term_string"}}],"inLanguage":"pt-BR"}]}},"_links":{"self":[{"href":"https:\/\/www.agencia7.com\/maquina-de-vendas\/wp-json\/wp\/v2\/pages\/634","targetHints":{"allow":["GET"]}}],"collection":[{"href":"https:\/\/www.agencia7.com\/maquina-de-vendas\/wp-json\/wp\/v2\/pages"}],"about":[{"href":"https:\/\/www.agencia7.com\/maquina-de-vendas\/wp-json\/wp\/v2\/types\/page"}],"author":[{"embeddable":true,"href":"https:\/\/www.agencia7.com\/maquina-de-vendas\/wp-json\/wp\/v2\/users\/1"}],"replies":[{"embeddable":true,"href":"https:\/\/www.agencia7.com\/maquina-de-vendas\/wp-json\/wp\/v2\/comments?post=634"}],"version-history":[{"count":20,"href":"https:\/\/www.agencia7.com\/maquina-de-vendas\/wp-json\/wp\/v2\/pages\/634\/revisions"}],"predecessor-version":[{"id":1805,"href":"https:\/\/www.agencia7.com\/maquina-de-vendas\/wp-json\/wp\/v2\/pages\/634\/revisions\/1805"}],"wp:attachment":[{"href":"https:\/\/www.agencia7.com\/maquina-de-vendas\/wp-json\/wp\/v2\/media?parent=634"}],"curies":[{"name":"wp","href":"https:\/\/api.w.org\/{rel}","templated":true}]}}